 is the units digit of 10543?
3
What is the tens digit of 1609?
0
What is the hundreds digit of 2040?
0
What is the ten thousands digit of 41276?
4
What is the units digit of 2577?
7
What is the units digit of 116552?
2
What is the tens digit of 819?
1
What is the hundreds digit of 37477?
4
What is the thousands digit of 49491?
9
What is the hundreds digit of 1625?
6
What is the units digit of 2491?
1
What is the tens digit of 4672?
7
What is the hundreds digit of 4390?
3
What is the hundreds digit of 354?
3
What is the thousands digit of 15716?
5
What is the hundred thousands digit of 124105?
1
What is the hundreds digit of 5832?
8
What is the hundreds digit of 19031?
0
What is the units digit of 137?
7
What is the thousands digit of 11083?
1
What is the hundreds digit of 9275?
2
What is the ten thousands digit of 13539?
1
What is the ten thousands digit of 39384?
3
What is the hundreds digit of 204?
2
What is the units digit of 712?
2
What is the tens digit of 38?
3
What is the hundred thousands digit of 118631?
1
What is the ten thousands digit of 48314?
4
What is the thousands digit of 1025?
1
What is the ten thousands digit of 84135?
8
What is the thousands digit of 26019?
6
What is the units digit of 1776?
6
What is the tens digit of 1241?
4
What is the units digit of 3342?
2
What is the tens digit of 88093?
9
What is the hundreds digit of 1007?
0
What is the tens digit of 859?
5
What is the thousands digit of 10653?
0
What is the units digit of 3657?
7
What is the thousands digit of 4803?
4
What is the tens digit of 108349?
4
What is the hundreds digit of 828?
8
What is the tens digit of 266?
6
What is the tens digit of 600?
0
What is the ten thousands digit of 100387?
0
What is the units digit of 70879?
9
What is the hundreds digit of 1422?
4
What is the units digit of 2043?
3
What is the thousands digit of 49709?
9
What is the tens digit of 95960?
6
What is the tens digit of 748?
4
What is the hundreds digit of 1469?
4
What is the hundreds digit of 751?
7
What is the units digit of 242?
2
What is the hundreds digit of 819?
8
What is the tens digit of 13975?
7
What is the thousands digit of 1837?
1
What is the tens digit of 55?
5
What is the units digit of 513?
3
What is the units digit of 307?
7
What is the tens digit of 98?
9
What is the tens digit of 4276?
7
What is the tens digit of 5829?
2
What is the units digit of 29085?
5
What is the hundreds digit of 4042?
0
What is the hundreds digit of 139778?
7
What is the units digit of 142?
2
What is the ten thousands digit of 17583?
1
What is the tens digit of 39489?
8
What is the tens digit of 23004?
0
What is the units digit of 3087?
7
What is the tens digit of 27455?
5
What is the tens digit of 8081?
8
What is the hundreds digit of 5166?
1
What is the hundreds digit of 119?
1
What is the units digit of 72287?
7
What is the hundreds digit of 100782?
7
What is the hundreds digit of 13710?
7
What is the hundreds digit of 19754?
7
What is the thousands digit of 65284?
5
What is the ten thousands digit of 12116?
1
What is the ten thousands digit of 38372?
3
What is the units digit of 49885?
5
What is the hundreds digit of 128079?
0
What is the units digit of 139?
9
What is the tens digit of 996?
9
What is the tens digit of 17393?
9
What is the thousands digit of 4505?
4
What is the tens digit of 26631?
3
What is the units digit of 1066?
6
What is the tens digit of 1143?
4
What is the tens digit of 1448?
4
What is the tens digit of 53005?
0
What is the thousands digit of 4144?
4
What is the thousands digit of 10392?
0
What is the hundreds digit of 1552?
5
What is the thousands digit of 1724?
1
What is the hundreds digit of 53824?
8
What is the thousands digit of 16406?
6
What is the tens digit of 3778?
7
What is the tens digit of 40766?
6
What is the hundreds digit of 720?
7
What is the units digit of 1711?
1
What is the ten thousands digit of 36884?
3
What is the tens digit of 9673?
7
What is the ten thousands digit of 40801?
4
What is the units digit of 34091?
1
What is the hundreds digit of 2728?
7
What is the ten thousands digit of 29193?
2
What is the hundreds digit of 2310?
3
What is the units digit of 4351?
1
What is the tens digit of 825?
2
What is the hundreds digit of 1704?
7
What is the hundreds digit of 8656?
6
What is the units digit of 784?
4
What is the hundreds digit of 48747?
7
What is the thousands digit of 2449?
2
What is the thousands digit of 8553?
8
What is the hundreds digit of 459?
4
What is the ten thousands digit of 59769?
5
What is the ten thousands digit of 69322?
6
What is the units digit of 1222?
2
What is the tens digit of 116?
1
What is the ten thousands digit of 26798?
2
What is the thousands digit of 37934?
7
What is the units digit of 916?
6
What is the tens digit of 54404?
0
What is the units digit of 1036?
6
What is the tens digit of 1355?
5
What is the units digit of 43655?
5
What is the units digit of 46997?
7
What is the units digit of 5626?
6
What is the thousands digit of 12238?
2
What is the tens digit of 4555?
5
What is the hundreds digit of 3231?
2
What is the hundreds digit of 401?
4
What is the thousands digit of 1413?
1
What is the ten thousands digit of 24326?
2
What is the units digit of 61?
1
What is the hundreds digit of 471?
4
What is the hundreds digit of 17488?
4
What is the hundreds digit of 171515?
5
What is the thousands digit of 1009?
1
What is the hundreds digit of 8794?
7
What is the tens digit of 28413?
1
What is the tens digit of 77946?
4
What is the tens digit of 53798?
9
What is the ten thousands digit of 74613?
7
What is the hundreds digit of 31800?
8
What is the units digit of 120759?
9
What is the tens digit of 82?
8
What is the tens digit of 37713?
1
What is the tens digit of 54573?
7
What is the thousands digit of 8415?
8
What is the hundreds digit of 851?
8
What is the hundred thousands digit of 137540?
1
What is the ten thousands digit of 51803?
5
What is the units digit of 15165?
5
What is the thousands digit of 14911?
4
What is the thousands digit of 23883?
3
What is the units digit of 263?
3
What is the tens digit of 2660?
6
What is the hundreds digit of 970?
9
What is the thousands digit of 1341?
1
What is the hundreds digit of 83607?
6
What is the hundreds digit of 214?
2
What is the thousands digit of 1352?
1
What is the tens digit of 12425?
2
What is the hundreds digit of 2724?
7
What is the units digit of 3122?
2
What is the tens digit of 745?
4
What is the units digit of 2889?
9
What is the ten thousands digit of 58068?
5
What is the units digit of 964?
4
What is the hundreds digit of 18382?
3
What is the thousands digit of 1168?
1
What is the units digit of 9726?
6
What is the hundreds digit of 1417?
4
What is the thousands digit of 1244?
1
What is the ten thousands digit of 14209?
1
What is the hundreds digit of 11915?
9
What is the units digit of 16965?
5
What is the units digit of 46899?
9
What is the hundreds digit of 3008?
0
What is the thousands digit of 15582?
5
What is the thousands digit of 48553?
8
What is the hundreds digit of 5195?
1
What is the tens digit of 133140?
4
What is the tens digit of 10433?
3
What is the units digit of 72678?
8
What is the ten thousands digit of 18012?
1
What is the hundreds digit of 80374?
3
What is the units digit of 136028?
8
What is the units digit of 1698?
8
What is the tens digit of 441?
4
What is the units digit of 804?
4
What is the ten thousands digit of 88494?
8
What is the hundreds digit of 8386?
3
What is the tens digit of 3210?
1
What is the tens digit of 953?
5
What is the hundreds digit of 4073?
0
What is the thousands digit of 51421?
1
What is the tens digit of 4711?
1
What is the units digit of 37683?
3
What is the tens digit of 47?
4
What is the ten thousands digit of 69318?
6
What is the ten thousands digit of 22311?
2
What is the units digit of 1125?
5
What is the hundreds digit of 815?
8
What is the ten thousands digit of 45159?
4
What is the hundreds digit of 104541?
5
What is the ten thousands digit of 30722?
3
What is the thousands digit of 79764?
9
What is the thousands digit of 4844?
4
What is the units digit of 1201?
1
What is the thousands digit of 12634?
2
What is the units digit of 791?
1
What is the tens digit of 20922?
2
What is the u